base 2?
111100110
What is -32333 (base 4) in base 13?
-58a
22b4 (base 12) to base 13
19c6
What is -21156 (base 9) in base 12?
-8113
What is 203c (base 14) in base 12?
325a
What is 26c (base 13) in base 12?
2b8
43403 (base 9) to base 4
13001112
What is -1011010010100100 (base 2) in base 3?
-2100102202
What is 10112 (base 4) in base 7?
545
3255 (base 8) to base 11
1314
Convert 120021021 (base 3) to base 13.
50b3
1203113 (base 4) to base 6
45235
What is 5a3 (base 11) in base 7?
2044
Convert -111010001111100 (base 2) to base 8.
-72174
What is -319d (base 14) in base 15?
-2812
Convert 2322 (base 5) to base 2.
101010001
Convert -bd2 (base 15) to base 5.
-41142
What is -23 (base 11) in base 14?
-1b
Convert 5718 (base 15) to base 2.
100100000101001
Convert -15b2 (base 12) to base 7.
-10346
Convert -70705 (base 9) to base 6.
-555135
Convert -419 (base 10) to base 9.
-515
What is -5313 (base 10) in base 4?
-1103001
161a (base 11) to base 16
81e
What is -364 (base 9) in base 2?
-100101101
What is 4776 (base 9) in base 15?
10bc
Convert 23320 (base 5) to base 12.
ba6
What is 1da3 (base 16) in base 10?
7587
13b0 (base 12) to base 4
203310
Convert -551 (base 11) to base 10.
-661
Convert 12301 (base 8) to base 12.
30a9
34 (base 11) to base 3
1101
16433 (base 8) to base 7
30503
Convert 3515 (base 9) to base 4.
220232
What is a3f (base 16) in base 13?
126a
623 (base 8) to base 15
1bd
Convert -2402 (base 6) to base 10.
-578
17251 (base 8) to base 13
375a
Convert -1313234 (base 5) to base 6.
-320405
-1635 (base 11) to base 9
-2777
Convert -10353 (base 7) to base 11.
-1a41
Convert -6076 (base 9) to base 5.
-120233
What is 1001011111 (base 2) in base 10?
607
Convert 101101000010 (base 2) to base 14.
109c
What is 13251 (base 6) in base 5?
31142
What is 10212 (base 3) in base 8?
150
dc (base 14) to base 7
365
Convert 2004212 (base 5) to base 9.
47561
What is -6680 (base 9) in base 2?
-1001101000100
What is -1 (base 2) in base 16?
-1
Convert -10303 (base 6) to base 15.
-63c
-71 (base 9) to base 2
-1000000
Convert 2225 (base 13) to base 4.
1022123
What is -50047 (base 9) in base 6?
-412024
What is 409 (base 11) in base 2?
111101101
344 (base 9) to base 3
101111
Convert -530 (base 6) to base 2.
-11000110
-10546 (base 8) to base 12
-26b2
Convert 102221 (base 5) to base 16.
d6c
What is c4a (base 13) in base 10?
2090
e805 (base 15) to base 5
3032210
Convert -1138 (base 10) to base 12.
-7aa
Convert 120313 (base 7) to base 11.
15398
Convert -828 (base 16) to base 8.
-4050
What is 32232031 (base 4) in base 15?
12d01
Convert 35243 (base 6) to base 11.
3897
Convert -6280 (base 13) to base 3.
-200200121
What is 1220011 (base 3) in base 9?
1804
Convert 212001 (base 4) to base 13.
1152
Convert 3a77 (base 14) to base 15.
30b7
What is 112c (base 13) in base 5?
34104
Convert -1220 (base 9) to base 4.
-32031
599 (base 16) to base 12
9b5
-1852 (base 11) to base 4
-210310
What is 379 (base 15) in base 10?
789
Convert 3041 (base 5) to base 13.
246
-224 (base 10) to base 16
-e0
-112002 (base 3) to base 5
-3010
Convert b870 (base 12) to base 10.
20244
What is 38518 (base 10) in base 8?
113166
507 (base 13) to base 5
11402
What is -31517 (base 9) in base 11?
-1471a
561 (base 12) to base 7
2212
33006 (base 8) to base 7
55215
What is -c826 (base 13) in base 7?
-143620
-322 (base 9) to base 14
-14b
Convert 16 (base 14) to base 3.
202
Convert -140443 (base 5) to base 14.
-2148
What is 367c (base 15) in base 7?
45540
Convert -2c01 (base 14) to base 4.
-1322201
1158 (base 15) to base 3
12001102
What is 14035 (base 7) in base 13?
1963
What is 5c0b (base 15) in base 14?
71d0
220435 (base 6) to base 12
a71b
-1c0 (base 13) to base 7
-643
What is 10201101212 (base 3) in base 2?
10001110111101001
What is 38a (base 11) in base 5?
3321
Convert 1854 (base 14) to base 11.
3328
3353 (base 10) to base 15
ed8
Convert 111100010101 (base 2) to base 12.
2299
-7757 (base 9) to base 16
-165a
What is -742 (base 15) in base 11?
-1259
-22772 (base 11) to base 9
-50072
Convert -100011000100110 (base 2) to base 6.
-215050
What is 3363 (base 7) in base 9?
1606
Convert -174 (base 10) to base 15.
-b9
5ed (base 15) to base 11
1016
-146 (base 11) to base 15
-b6
What is -102011022 (base 3) in base 10?
-8135
Convert -122c (base 13) to base 12.
-15a5
-22b (base 12) to base 2
-101000011
Convert -13e5 (base 15) to base 10.
-4265
-2035 (base 11) to base 3
-10201000
What is -13312 (base 5) in base 9?
-1432
What is -6629 (base 13) in base 4?
-3132113
Convert -12327 (base 8) to base 6.
-40411
What is 63b (base 12) in base 10?
911
27f1 (base 16) to base 12
5b01
-3115 (base 13) to base 11
-5102
Convert 1440121 (base 5) to base 2.
111011111000101
What is 984 (base 15) in base 4?
201211
-320 (base 6) to base 16
-78
What is -101201120 (base 3) in base 14?
-2bc6
What is 111002 (base 3) in base 8?
541
What is 16612 (base 7) in base 11?
363a
What is -14a1a (base 11) in base 6?
-242044
What is 13401 (base 5) in base 12?
779
1021223 (base 4) to base 16
126b
Convert 25856 (base 9) to base 8.
42072
What is 488 (base 11) in base 9?
714
What is 110100121 (base 3) in base 7?
35155
What is -17b2 (base 13) in base 7?
-13164
Convert 331103 (base 5) to base 3.
120122100
What is -1100100000 (base 2) in base 12?
-568
27 (base 14) to base 9
38
2707 (base 8) to base 4
113013
-2010112 (base 3) to base 15
-6d8
Convert b861 (base 13) to base 14.
9486
3697 (base 10) to base 9
5057
Convert -238 (base 14) to base 4.
-12322
What is ad8 (base 14) in base 12?
12b2
What is -10310 (base 4) in base 14?
-180
5351 (base 8) to base 7
11100
What is 7a1 (base 12) in base 15?
504
Convert 1534 (base 6) to base 10.
418
19 (base 13) to base 5
42
-2234123 (base 5) to base 14
-1078d
What is -32044 (base 5) in base 7?
-6160
Convert 140331 (base 5) to base 8.
13124
55 (base 10) to base 16
37
17bc (base 15) to base 9
7026
-16102 (base 10) to base 3
-211002101
-8c5b (base 15) to base 13
-10733
-4315 (base 6) to base 2
-1111010111
1c3e (base 16) to base 3
100220210
Convert -7767 (base 15) to base 9.
-37627
What is 9b (base 13) in base 2?
10000000
-3cb3 (base 13) to base 16
-223d
-10669 (base 11) to base 6
-155254
What is -2121210 (base 3) in base 5?
-30121
21630 (base 7) to base 4
1111110
What is b024 (base 14) in base 11?
2077a
-32323 (base 4) to base 6
-4231
What is 108 (base 13) in base 5?
1202
What is 101212 (base 3) in base 12?
205
Convert 312310 (base 4) to base 8.
6664
Convert -3034 (base 5) to base 2.
-110001010
54 (base 13) to base 9
76
Convert 159 (base 12) to base 8.
325
231 (base 13) to base 10
378
What is 310 (base 11) in base 5?
2444
Convert 330230 (base 4) to base 13.
19ca
10000101101 (base 2) to base 10
1069
Convert 30431 (base 6) to base 7.
14545
-1426 (base 8) to base 16
-316
What is -400 (base 10) in base 7?
-1111
Convert -2f90 (base 16) to base 15.
-391b
203224 (base 5) to base 12
3a55
What is 1112211 (base 3) in base 9?
1484
Convert -3114 (base 12) to base 9.
-7287
-1ef (base 16) to base 6
-2143
Convert -1128 (base 10) to base 4.
-101220
Convert -110000011110110 (base 2) to base 7.
-132240
210122 (base 3) to base 8
1110
337b (base 14) to base 6
105201
-14826 (base 9) to base 8
-23645
Convert -1537 (base 8) to base 9.
-1158
154 (base 11) to base 12
130
Convert -416 (base 9) to base 3.
-110120
What is 1310 (base 7) in base 10?
497
-123113 (base 4) to base 12
-101b
1212023 (base 6) to base 4
33213033
24324 (base 5) to base 16
72f
Convert c0f (base 16) to base 12.
1953
-100000110100 (base 2) to base 5
-31400
-122033 (base 4) to base 8
-3217
Convert 1202111202 (base 3) to base 6.
424202
What is 2166 (base 12) in base 15?
1153
Convert -1550 (base 14) to base 6.
-25322
-6151 (base 14) to base 3
-211221200
What is 458 (base 13) in base 4?
23231
Convert -40201 (base 5) to base 11.
-1a0a
What is -70 (base 13) in base 2?
-1011011
2299 (base 10) to base 15
a34
What is -50503 (base 7) in base 3?
-121210211
What is 312 (base 9) in base 11?
211
Convert 2a9c (base 16) to base 7.
43542
11011000111100 (base 2) to base 5
421014
Convert 30131 (base 5) to base 13.
b45
What is -222310 (base 5) in base 15?
-24c0
Convert -15232 (base 7) to base 2.
-1000010001101
What is 4a3 (base 12) in base 3?
221220
What is 1471 (base 11) in base 9?
2533
What is 2112142 (base 5) in base 8?
10474